{"id":15,"date":"2019-03-16T09:56:33","date_gmt":"2019-03-16T09:56:33","guid":{"rendered":"https:\/\/local.studyalong.se\/blog\/botkyrka\/?page_id=15"},"modified":"2026-04-09T14:15:07","modified_gmt":"2026-04-09T14:15:07","slug":"valkommen-till-botkyrka","status":"publish","type":"page","link":"https:\/\/bokakultur.botkyrka.se\/blog\/botkyrka\/","title":{"rendered":""},"content":{"rendered":"\n<h1 class=\"wp-block-heading\"><strong>Boka kultur till dina barn och elever!  V\u00e4lkommen!<\/strong><\/h1>\n\n\n<div class=\"wp-block-image\">\n<figure class=\"alignleft\"><img loading=\"lazy\" decoding=\"async\" width=\"443\" height=\"443\" src=\"https:\/\/blog.studyalong.se\/wp-content\/uploads\/sites\/2\/2019\/09\/12071746\/7.gif\" alt=\"\" class=\"wp-image-308\" \/><\/figure><\/div>\n\n\n<p class=\"has-very-dark-gray-color has-very-light-gray-background-color has-text-color has-background\"><strong><strong>Barn har r\u00e4tt till kultur! Barn v\u00e4xer av kultur!<\/strong><\/strong> Registrera dig h\u00e4r och boka utvalda aktiviteter f\u00f6r barn och elever, utan kostnad f\u00f6r skolan eller f\u00f6rskolan d\u00e4rf\u00f6r att de ing\u00e5r i Botkyrkas kulturella allemansr\u00e4tt. Du f\u00e5r varje l\u00e4s\u00e5r boka max tv\u00e5 aktiviteter per klass\/grupp. Boka alltid f\u00f6rst \u00e5rskursens kulturgaranti och sen en ytterligare aktivitet. Fortbildning f\u00f6r vuxna har en avgift ibland.<\/p>\n\n\n\n<p class=\"has-very-dark-gray-color has-very-light-gray-background-color has-text-color has-background\"><strong>Avbokning, detta g\u00e4ller<\/strong>: avboka senast 8 dagar innan aktiviteten skulle ha varit, s\u00e5 att andra elever och barn f\u00e5r m\u00f6jlighet att boka ist\u00e4llet. En sen avbokning kostar 1000 kronor.<\/p>\n\n\n\n<p><\/p>\n\n\n\n<p><\/p>\n\n\n\n<p class=\"has-very-dark-gray-color has-very-light-gray-background-color has-text-color has-background\"><strong>Logga in f\u00f6rsta g\u00e5ngen? Du beh\u00f6ver skolans eller f\u00f6rskolans gemensamma anv\u00e4ndarnamn och l\u00f6senord. <\/strong>Fr\u00e5ga skolans expedition eller din chef. Alternativt e-posta till: kulturbokning@botkyrka.se<\/p>\n\n\n\n<p class=\"has-very-dark-gray-color has-very-light-gray-background-color has-text-color has-background\"><strong>Botkyrkas kulturella allemansr\u00e4tt<\/strong> \u00e4r en m\u00f6jlighet f\u00f6r alla barn och elever i Botkyrka. Kulturella upplevelser och eget skapande som st\u00e4rker skolans och f\u00f6rskolans breda uppdrag. En \u00e5terkommande och utvald aktivitet per \u00e5rskurs i grundskolan och f\u00f6r f\u00f6rskolans 4-\u00e5ringar f\u00f6r att underl\u00e4tta din planering \u2013 en kulturgaranti. V\u00e4lkommen!<br><em>Botkyrkas kulturella allemansr\u00e4tt produceras och bekostas av Botkyrka kommun med st\u00f6d av <em>Region Stockholm<\/em><\/em> och<em> Statens kulturr\u00e5d \/ Skapande skola<\/em>.<\/p>\n\n\n\n<p><\/p>\n\n\n\n<p><br><br><br><br><br><\/p>\n","protected":false},"excerpt":{"rendered":"<p>Boka kultur till dina barn och elever! V\u00e4lkommen! Barn har r\u00e4tt till kultur! Barn v\u00e4xer av kultur! Registrera dig h\u00e4r och boka utvalda aktiviteter f\u00f6r barn och elever, utan kostnad f\u00f6r skolan eller f\u00f6rskolan d\u00e4rf\u00f6r att de ing\u00e5r i Botkyrkas kulturella allemansr\u00e4tt. Du f\u00e5r varje l\u00e4s\u00e5r boka max tv\u00e5 aktiviteter per klass\/grupp. Boka alltid f\u00f6rst [&hellip;]<\/p>\n","protected":false},"author":5,"featured_media":0,"parent":0,"menu_order":0,"comment_status":"closed","ping_status":"closed","template":"template-fullwidth.php","meta":{"footnotes":""},"class_list":["post-15","page","type-page","status-publish","hentry"],"_links":{"self":[{"href":"https:\/\/bokakultur.botkyrka.se\/blog\/botkyrka\/wp-json\/wp\/v2\/pages\/15"}],"collection":[{"href":"https:\/\/bokakultur.botkyrka.se\/blog\/botkyrka\/wp-json\/wp\/v2\/pages"}],"about":[{"href":"https:\/\/bokakultur.botkyrka.se\/blog\/botkyrka\/wp-json\/wp\/v2\/types\/page"}],"author":[{"embeddable":true,"href":"https:\/\/bokakultur.botkyrka.se\/blog\/botkyrka\/wp-json\/wp\/v2\/users\/5"}],"replies":[{"embeddable":true,"href":"https:\/\/bokakultur.botkyrka.se\/blog\/botkyrka\/wp-json\/wp\/v2\/comments?post=15"}],"version-history":[{"count":129,"href":"https:\/\/bokakultur.botkyrka.se\/blog\/botkyrka\/wp-json\/wp\/v2\/pages\/15\/revisions"}],"predecessor-version":[{"id":474,"href":"https:\/\/bokakultur.botkyrka.se\/blog\/botkyrka\/wp-json\/wp\/v2\/pages\/15\/revisions\/474"}],"wp:attachment":[{"href":"https:\/\/bokakultur.botkyrka.se\/blog\/botkyrka\/wp-json\/wp\/v2\/media?parent=15"}],"curies":[{"name":"wp","href":"https:\/\/api.w.org\/{rel}","templated":true}]}}