{"id":56,"date":"2019-03-17T19:56:37","date_gmt":"2019-03-17T19:56:37","guid":{"rendered":"https:\/\/local.studyalong.se\/blog\/botkyrka\/?page_id=56"},"modified":"2025-06-03T12:53:04","modified_gmt":"2025-06-03T12:53:04","slug":"sa-funkar-det","status":"publish","type":"page","link":"https:\/\/bokakultur.botkyrka.se\/blog\/botkyrka\/sa-funkar-det\/","title":{"rendered":"Hur bokar du?"},"content":{"rendered":"<div class=\"wp-block-image\">\n<figure class=\"alignleft is-resized\"><img decoding=\"async\" src=\"https:\/\/blog.studyalong.se\/wp-content\/uploads\/sites\/2\/2019\/05\/29075100\/unsplash-m%C3%A5la.jpg\" alt=\"\" class=\"wp-image-197\" style=\"width:405px;height:405px\" \/><\/figure><\/div>\n\n\n<p class=\"has-very-dark-gray-color has-text-color has-background has-small-font-size\" style=\"background-color:#ffffff\"><strong>Logga in <\/strong>&#8211; N\u00e4r du loggar in beh\u00f6ver du skolans eller f\u00f6rskolans egna anv\u00e4ndarnamn och l\u00f6senord f\u00f6r att sedan kunna registrera dig som bokningsansvarig. Du f\u00e5r l\u00f6senordet av din expedition eller din chef eller e-posta fr\u00e5gan till kulturbokning@botkyrka.se  <\/p>\n\n\n\n<p class=\"has-very-dark-gray-color has-text-color has-background has-small-font-size\" style=\"background-color:#ffffff\"><strong>Programmet \u00e4r kostnadsfritt <\/strong>f\u00f6r Botkyrkas elever och barn. <strong>Avboknings regler<\/strong>: Om du avbokar senare \u00e4n 8 dagar innan en aktivitet s\u00e5 kostar det 1000 kronor i avbokningsavgift. <br><strong>Se alla aktiviteter<\/strong>: Klicka p\u00e5 &#8221;Boka&#8221; knappen i menyn uppe till v\u00e4nster s\u00e5 kommer du till programkatalogen med hela utbudet. <br><strong>Aktiviteterna ska r\u00e4cka till fler klasser<\/strong> &#8211; Boka f\u00f6rst \u00e5rskursens kulturgaranti f\u00f6r och max en aktivitet ytterligare. <br><strong>Har du bokat f\u00f6rut? Vill du endast logga in och se redan genomf\u00f6rda bokningar? <br><\/strong>Klicka p\u00e5 den bl\u00e5 knappen h\u00e4r ovanf\u00f6r som heter &#8221;Mina bokningar&#8221;. <br><strong>Beh\u00f6ver du hj\u00e4lp med din bokning? <\/strong>Kontakta oss g\u00e4rna p\u00e5 e-post: <a href=\"kulturbokning@botkyrka.se\">kulturbokning@botkyrka.se<\/a><br><br><strong>S\u00c5 H\u00c4R BOKAR DU EN AKTIVITET: <\/strong> <br>1. F\u00f6r att kunna g\u00f6ra en bokning beh\u00f6ver du din skolas\/f\u00f6rskolas unika ANV\u00c4NDARNAMN och L\u00d6SENORD. Du f\u00e5r dem fr\u00e5n skolans expedition eller din chef.<br>2. Surfa till <a href=\"http:\/\/bokakultur.botkyrka.se\/\">bokakultur.botkyrka.se<\/a><br>3. Klicka p\u00e5 &#8221;BOKA&#8221; som du hittar \u00f6verst p\u00e5 sidan i en bl\u00e5 oval.<br>4. S\u00f6k i Fritextrutan eller filtrera dig fram till ett program som du vill boka.<br>5. V\u00e4lj ett program och eventuellt en tid.<br>6. Klicka p\u00e5 &#8221;Visa tillf\u00e4llen&#8221; eller &#8221;Intresseanm\u00e4lan&#8221;. V\u00e4lj ett tillf\u00e4lle genom &#8221;Boka&#8221;, d\u00e5 hamnar bokningen l\u00e4ngst upp under &#8221;Mina p\u00e5g\u00e5ende bokningar&#8221;.<br>7. Klicka p\u00e5 &#8221;G\u00e5 vidare&#8221;.<br>8. Logga in med din skolas\/f\u00f6rskolas unika ANV\u00c4NDARNAMN och L\u00d6SENORD. Du f\u00e5r dem fr\u00e5n skolans expedition eller din chef. Eller e-posta till kulturbokning@botkyrka.se (Skolans huvudkonto \u00e4r gemensamt f\u00f6r alla p\u00e5 din skola eller enhet s\u00e5 \u00e4ndra <strong>aldrig<\/strong> l\u00f6senord h\u00e4r).<br>9. F\u00f6rsta g\u00e5ngen du bokar skapar du nu ett konto till en bokningsansvarig genom att klicka p\u00e5 &#8221;L\u00e4gg till bokningsansvarig&#8221;. <br>10. V\u00e4lj ett eget l\u00f6senord (minst 8 tecken inkl. siffror och tecken).<br>11. Avsluta med att klicka p\u00e5 &#8221;Forts\u00e4tt&#8221;.<br>12. Fyll i dina kontaktuppgifter. Det \u00e4r mycket viktigt att du skriver r\u00e4tt e-post och mobilnummer till dig. Kolla noga. Du f\u00e5r biljetten till din e-post. Och om sedan n\u00e5gon blir sjuk i tex teatergruppen, m\u00e5ste vi kunna n\u00e5 dig snabbt. <br>13. Tryck p\u00e5 &#8221;Registrera&#8221;.<br>14. Klicka p\u00e5 &#8221;Mina p\u00e5g\u00e5ende bokningar&#8221;.<br>15. Klicka p\u00e5 ditt namn i rullistan s\u00e5 blir du bokningsansvarig till programmet (dvs v\u00e4lj dig sj\u00e4lv och helst n\u00e5gon medf\u00f6ljande kollega eller chef. Om du skulle bli sjuk \u00e4r detta j\u00e4tteviktigt. <br>16. Fyll i &#8221;Antal platser&#8221; (summan ska vara alla = barn\/elever inkl. vuxna).<br>17. Fyll i &#8221;Ange klass\/grupp&#8221;.<br>18. Fyll i &#8221;Ange \u00e5lder p\u00e5 barn\/elever&#8221;.<br><strong>19. Klicka p\u00e5 OK till h\u00f6ger om rullistan. Nu \u00e4r din bokning klar och syns under slutf\u00f6rda bokningar! \ud83d\ude42<br><\/strong>Du f\u00e5r ett bekr\u00e4ftelsemail med en biljett som du kan skriva ut och ta med till aktiviteten. <br>Om du vill boka fler program s\u00e5 klickar du p\u00e5 &#8221;Programkatalog&#8221; h\u00f6gst upp.<br>Dina programbokningar ser du om du loggar in p\u00e5 det gemensamma anv\u00e4ndarnamnet och l\u00f6senordet f\u00f6r din skola eller f\u00f6rskola.<\/p>\n\n\n\n<p><\/p>\n","protected":false},"excerpt":{"rendered":"<p>Logga in &#8211; N\u00e4r du loggar in beh\u00f6ver du skolans eller f\u00f6rskolans egna anv\u00e4ndarnamn och l\u00f6senord f\u00f6r att sedan kunna registrera dig som bokningsansvarig. Du f\u00e5r l\u00f6senordet av din expedition eller din chef eller e-posta fr\u00e5gan till kulturbokning@botkyrka.se Programmet \u00e4r kostnadsfritt f\u00f6r Botkyrkas elever och barn. Avboknings regler: Om du avbokar senare \u00e4n 8 dagar [&hellip;]<\/p>\n","protected":false},"author":1,"featured_media":0,"parent":0,"menu_order":0,"comment_status":"closed","ping_status":"closed","template":"","meta":{"footnotes":""},"class_list":["post-56","page","type-page","status-publish","hentry"],"_links":{"self":[{"href":"https:\/\/bokakultur.botkyrka.se\/blog\/botkyrka\/wp-json\/wp\/v2\/pages\/56"}],"collection":[{"href":"https:\/\/bokakultur.botkyrka.se\/blog\/botkyrka\/wp-json\/wp\/v2\/pages"}],"about":[{"href":"https:\/\/bokakultur.botkyrka.se\/blog\/botkyrka\/wp-json\/wp\/v2\/types\/page"}],"author":[{"embeddable":true,"href":"https:\/\/bokakultur.botkyrka.se\/blog\/botkyrka\/wp-json\/wp\/v2\/users\/1"}],"replies":[{"embeddable":true,"href":"https:\/\/bokakultur.botkyrka.se\/blog\/botkyrka\/wp-json\/wp\/v2\/comments?post=56"}],"version-history":[{"count":42,"href":"https:\/\/bokakultur.botkyrka.se\/blog\/botkyrka\/wp-json\/wp\/v2\/pages\/56\/revisions"}],"predecessor-version":[{"id":469,"href":"https:\/\/bokakultur.botkyrka.se\/blog\/botkyrka\/wp-json\/wp\/v2\/pages\/56\/revisions\/469"}],"wp:attachment":[{"href":"https:\/\/bokakultur.botkyrka.se\/blog\/botkyrka\/wp-json\/wp\/v2\/media?parent=56"}],"curies":[{"name":"wp","href":"https:\/\/api.w.org\/{rel}","templated":true}]}}